True
Is 12113558671 a composite number?
False
Is 95877571241 a composite number?
True
Is 4193388523 prime?
True
Is 1143910615 prime?
False
Is 349858391 a prime number?
False
Is 180507383993 a prime number?
False
Is 1026248785 a prime number?
False
Is 38748037397 prime?
True
Is 67570981171 a prime number?
True
Is 452161679 a composite number?
False
Is 77220093271 prime?
True
Is 57780738241 prime?
True
Is 446955979 composite?
False
Is 5855631953 a composite number?
False
Is 10712842403 a prime number?
True
Is 55477043 prime?
False
Is 40878673067 composite?
False
Is 35099724533 composite?
False
Is 58336183231 a composite number?
True
Is 5424364801 a composite number?
False
Is 10071166481 composite?
False
Is 3040526033 prime?
True
Is 19427019109 prime?
True
Is 2769525617 prime?
True
Is 5425434199 a composite number?
True
Is 5256470605 prime?
False
Is 2323961599 prime?
False
Is 1351196311 a composite number?
False
Is 33649199371 a prime number?
True
Is 15136002781 prime?
True
Is 104863169951 prime?
False
Is 157400818681 composite?
False
Is 789822577 prime?
False
Is 4600614793 a composite number?
False
Is 23617273003 a prime number?
False
Is 71252648477 prime?
True
Is 50751748713 a prime number?
False
Is 48672395509 a prime number?
True
Is 2449054547 a composite number?
True
Is 1917383719 composite?
False
Is 500242153 a prime number?
False
Is 306192504307 a prime number?
False
Is 9363116003 composite?
True
Is 42946267285 a composite number?
True
Is 1706954903 prime?
True
Is 313155719 prime?
True
Is 1816228415 a composite number?
True
Is 121231693 composite?
True
Is 2813967967 a prime number?
True
Is 13295799071 a composite number?
False
Is 4989811859 composite?
False
Is 232194659 prime?
True
Is 91553717 a prime number?
True
Is 652207939 prime?
True
Is 435895165 prime?
False
Is 8177099099 a prime number?
False
Is 4567207111 prime?
True
Is 114242523839 composite?
True
Is 152100233 prime?
False
Is 2942201081 prime?
False
Is 374601551 prime?
False
Is 35516717 prime?
True
Is 1274992219 composite?
False
Is 29000883617 a composite number?
True
Is 204327583 a composite number?
False
Is 535139529 prime?
False
Is 512540681 a prime number?
True
Is 1090419943 a composite number?
True
Is 7494275395 prime?
False
Is 4027476787 a composite number?
False
Is 24017537 a composite number?
False
Is 1434625442 a prime number?
False
Is 26306194337 composite?
False
Is 7241205607 prime?
False
Is 404756141453 a prime number?
True
Is 8806144013 composite?
False
Is 12113207489 a prime number?
False
Is 3890970821 a composite number?
False
Is 310249631 a composite number?
False
Is 912613789 prime?
False
Is 3951567013 composite?
False
Is 1826662609 a prime number?
True
Is 57851208599 a prime number?
False
Is 15410502203 a composite number?
False
Is 241410109 a prime number?
False
Is 29952651437 prime?
False
Is 170888611 a composite number?
False
Is 8373453763 composite?
False
Is 420657659 a composite number?
False
Is 6403380791 composite?
False
Is 6016583123 composite?
False
Is 1728620143 prime?
True
Is 108244216477 a composite number?
True
Is 5335393187 prime?
False
Is 16212567647 composite?
False
Is 128051518781 a prime number?
False
Is 899308591 prime?
True
Is 32169709111 a prime number?
True
Is 2735638303 a composite number?
True
Is 3097946179 a composite number?
True
Is 206665729 prime?
False
Is 15585140833 composite?
True
Is 52291974983 a prime number?
True
Is 6223515581 a prime number?
True
Is 67859421013 prime?
True
Is 234798391 composite?
False
Is 29099652661 composite?
True
Is 24274816051 a prime number?
True
Is 127933395749 a composite number?
False
Is 1875210971 composite?
False
Is 2858869631 prime?
False
Is 843655367 a composite number?
False
Is 13445459123 a prime number?
True
Is 22701424657 a composite number?
True
Is 670190497 composite?
False
Is 59619332179 composite?
True
Is 2222609 a prime number?
False
Is 3703188431 a composite number?
True
Is 1348363199 a composite number?
True
Is 4215166687 composite?
False
Is 210400153 prime?
False
Is 202144139 a composite number?
False
Is 5168497787 a composite number?
True
Is 1173039773 a composite number?
False
Is 6325874759 prime?
False
Is 5761463203 prime?
True
Is 14921494879 a prime number?
True
Is 2913873059 prime?
False
Is 1057424107 a prime number?
True
Is 40094801 a composite number?
False
Is 11274696353 composite?
False
Is 2914259003 a composite number?
False
Is 2226780883 a prime number?
True
Is 7762414271 composite?
True
Is 282445897 a prime number?
True
Is 2666097821 composite?
True
Is 5592271169 prime?
False
Is 350721727 composite?
True
Is 88721058749 a composite number?
True
Is 845408651 a composite number?
True
Is 353739299 a composite number?
False
Is 402576913 prime?
True
Is 224519173 a composite number?
True
Is 31416943291 a prime number?
False
Is 1202922367 composite?
True
Is 6299930411 a prime number?
True
Is 33324471277 composite?
True
Is 45048503 prime?
True
Is 1212255221 composite?
False
Is 683761429 a composite number?
True
Is 5119328209 a composite number?
True
Is 3451095337 prime?
False
Is 124223002 composite?
True
Is 42517666571 prime?
True
Is 4460299607 prime?
True
Is 281522641 a prime number?
False
Is 6518774111 a prime number?
False
Is 266332154369 a composite number?
False
Is 22193267143 prime?
False
Is 4570171861 composite?
False
Is 148911871 composite?
True
Is 780287987 a composite number?
False
Is 29504746147 a prime number?
True
Is 1895632159 a prime number?
True
Is 3632301767 a prime number?
True
Is 22906177571 composite?
False
Is 424731121 a prime number?
True
Is 11096780437 prime?
False
Is 182005673 a composite number?
False
Is 1152784063 a prime number?
False
Is 183955043 a prime number?
True
Is 116345143667 a composite number?
False
Is 38402613373 composite?
True
Is 221029369367 a prime number?
False
Is 983504897 a composite number?
False
Is 556333523 a composite number?
True
Is 95984001101 a prime number?
False
Is 1035923881 a prime number?
False
Is 8587276393 a prime number?
False
Is 232936218071 a prime number?
True
Is 5505523157 a composite number?
False
Is 297000029 prime?
False
Is 335472013 a composite number?
False
Is 3432939623 a composite number?
False
Is 6293667817 a composite number?
True
Is 80371397 a composite number?
False
Is 5375480203 prime?
False
Is 138908629 composite?
False
Is 88485186953 a composite number?
False
Is 1916665423 prime?
True
Is 24290377 a prime number?
False
Is 84588494711 composite?
True
Is 1519775689 prime?
False
Is 945356119 prime?
False
Is 27211209433 a composite number?
False
Is 72420233101 a prime number?
False
Is 489980087 a prime number?
False
Is 112933976135 a composite number?
True
Is 13448963303 a composite number?
True
Is 49006778027 prime?
True
Is 31715340023 a composite number?
False
Is 47096136119 composite?
False
Is 41779835683 composite?
True
Is 8797363207 composite?
False
Is 974985029 prime?
False
Is 961212173 prime?
False
Is 1860068917 a composite number?
True
Is 1262476249 prime?
False
Is 243582650347 a composite number?
False
Is 3356742143 a composite number?
True
Is 77262853301 a composite number?
True
Is 789339513 a composite number?
True
Is 9288946855 prime?
False
Is 434291239 composite?
False
Is 4658801233 a composite number?
False
Is 83065561109 a composite number?
True
Is 1786711471 composite?
False
Is 440848237 a prime number?
False
Is 1436341967 a prime number?
True
Is 4404943493 composite?
False
Is 277695079 a composite number?
True
Is 2456323997 prime?
False
Is 2715546769 composite?
True
Is 2629908299 a composite number?
True
Is 8414085301 a prime number?
False
Is 5290608835 a composite number?
True
Is 18439173617 a prime number?
False
Is 3067152269 prime?
True
Is 22108893607 prime?
False
Is 3535093561 composite?
False
Is 2653326197 prime?
True
Is 179522944937 a prime number?
False
Is 31118315281 a composite number?
False
Is 22015710289 a prime number?
False
Is 26205959973 composite?
True
Is 7587397 a prime number?
False
Is 71803547419 a prime number?
False
Is 244304353 a prime number?
True
Is 8929427203 composite?
False
Is 350647951 prime?
False
Is 3467331817 a composite number?
True
Is 369648229 a composite number?
False
Is 38670886873 a prime number?
True
Is 5656890313 composite?
True
Is 2518546661 composite?
F